inder when t is divided by r(1).
3
Let l(v) = -5 + v**2 - 5*v + 14*v + 2*v. Let f be l(-12). Let i(z) = z**2 - 5*z - 6. What is the remainder when 22 is divided by i(f)?
6
Let b = 17 - -4. Suppose 0 = -6*f + f + 930. Suppose 6*a = 9*a - f. What is the remainder when a is divided by b?
20
Suppose -h - 13 + 23 = 0. Suppose 0*m - 2*m - 108 = 0. Let g = 83 + m. What is the remainder when g is divided by h?
9
Let o(t) = -2*t**2 + 19*t + 13. Let i be o(10). Suppose -5*b + 152 = -i*b. Calculate the remainder when b is divided by -2*(0 - 22/4).
10
Suppose y - 8 = 5*y. Let a(h) = -55*h - 977. Calculate the remainder when a(-18) is divided by y/1 + 1 - -5.
1
Let y(u) = 2*u**2 - 8*u + 14. What is the remainder when y(6) is divided by 6?
2
Let z(n) = n**2 + 6*n + 8. Let c = 15 - 13. Suppose 6*k + 32 = c*k. Calculate the remainder when z(k) is divided by 9.
6
What is the remainder when (-33)/(1683/(-10234))*3/1 is divided by 153?
143
Suppose -32*t + 34*t = 8. Calculate the remainder when 141 is divided by t.
1
Let d(r) = -2*r**2 + 5*r - 7. Let l be d(5). Let g = -179 - -126. Let x = l - g. Calculate the remainder when x is divided by 8.
5
Let l(k) = -2*k - 4. Suppose -50 = -2*v - 32. Suppose 6 - 51 = -v*m. Calculate the remainder when m is divided by l(-4).
1
Let a = -2715 - -2781. Suppose -1 - 50 = -3*t. Calculate the remainder when a is divided by t.
15
Let x be 4/((-8)/(-9))*(-368)/(-12). Suppose -13*q = -19*q + x. Calculate the remainder when q is divided by 4.
3
Suppose -k + 20 = 4*l - 15, -3*l + k = -21. Let g = l + 17. Calculate the remainder when 46 is divided by g.
21
Let r = -7 + 51. Calculate the remainder when 263 is divided by r.
43
Calculate the remainder when 84 is divided by (-33)/(-1)*(22/(-6) + 4).
7
Let s(j) = 6*j**2 - 2*j + 2. Let p = 10 + -11. Let m be (0 - 1)/(p/2). Calculate the remainder when s(m) is divided by 12.
10
Let z = 155 - 142. What is the remainder when 167 is divided by z?
11
Suppose s = 7*m - 4*m + 50, -4*s + 176 = -4*m. What is the remainder when s is divided by 22?
19
Let j(r) = -5*r + 1. Let w(i) = -i. Let s(f) = j(f) - 6*w(f). Let l be s(2). Calculate the remainder when 28 + (-3 - 0)/l is divided by 6.
3
What is the remainder when (3*(-24)/(-10))/(2/45) is divided by 39?
6
Let w(y) be the third derivative of y**5/15 - y**4/3 - 4*y**3/3 + 18*y**2. Calculate the remainder when 93 is divided by w(-2).
21
Suppose 5*g + 3*a + 193 - 1008 = 0, 2*g - 4*a = 352. What is the remainder when g is divided by 16?
6
Let p(r) = -r**2 - r + 255. Suppose -a + 4 - 1 = 0, -121 = -4*u + 5*a. Let w = u + -6. Calculate the remainder when w is divided by p(-16).
13
What is the remainder when (-11)/(88/32) - -62 is divided by 30?
28
Suppose -3900 = -33*b + 21*b. What is the remainder when b is divided by 8?
5
Suppose 0 = -2*k + k + 66. Suppose -5*n = -3*n - k. Calculate the remainder when n is divided by 6.
3
Let w = 12 + -15. Let k be (-269)/w + 8/24. Suppose 0*r = 3*p - r - k, p = 2*r + 25. What is the remainder when p is divided by 8?
7
Let l(u) = -u + 5. Let a be l(3). Suppose -168 = -4*r + z, -a*r = -0*z - z - 84. Calculate the remainder when 124 is divided by r.
40
Suppose 0*z = 5*z - 475. Let l = -167 + z. Let r = 113 + l. Calculate the remainder when r is divided by 22.
19
Let l(r) = r**3 + 4*r**2 - 5*r + 10. What is the remainder when (28/(-6))/((-6)/36) is divided by l(-5)?
8
Suppose -4*l - 213 = -16*k + 11*k, -2*k + 3*l + 88 = 0. What is the remainder when 203 is divided by k?
39
Calculate the remainder when (35/(-20))/(-7)*868 - -5 is divided by 25.
22
Let g be (7 - -2) + -11 + 12. Let n(c) = c**2 - 8*c + 11. Calculate the remainder when 122 is divided by n(g).
29
Suppose 100*t + 679 = 107*t. What is the remainder when t is divided by 36?
25
Let z(w) = -13*w - 351. Calculate the remainder when z(-47) is divided by 123.
14
Let g = 8 + -6. Suppose -g*o = 5 - 61. Suppose -2*f - 6 = -r + 4, -2*r = 5*f - 20. Calculate the remainder when o is divided by r.
8
Let m(z) = z**3 + 23*z - 83. Calculate the remainder when m(5) is divided by 32.
29
Calculate the remainder when (-9 + 1)/2 + 15 + 201 is divided by 36.
32
Let a(o) = 23*o. Suppose 0 = -6*h + h + 335. Calculate the remainder when h is divided by a(1).
21
Let a = 130 - 97. What is the remainder when 115 is divided by a?
16
Suppose -3*n = -5*n + 3*n. Suppose -x + 62 = 4*t, -26 = -n*t - t + 5*x. What is the remainder when 61 is divided by t?
13
Calculate the remainder when 232 is divided by 8 + (-84 + 4)/(-8).
16
Let o(j) = 35*j**3 + 2*j**2 - 2*j + 1. Suppose 2*v + 3*k - 32 = 0, -4*v + 4*k + 8 = -16. Calculate the remainder when o(1) is divided by v.
6
Calculate the remainder when 306 is divided by ((-1312)/(-20) - 1) + 3/(-5).
50
Suppose -48 = -k - 3*k. Suppose -o + k = 2*m, 4 = -0*m + m + o. Suppose -3*i + 5*i - 62 = 0. Calculate the remainder when i is divided by m.
7
Suppose 8 = -y - 5*u - 14, -5*y = u + 206. Let j = y - -97. What is the remainder when j is divided by 22?
11
Let f(o) = 2*o**3 - o**2 - o + 1. Suppose p + 449 = 5*k, -2*k + 6*k = 5*p + 355. Let y = -38 + k. What is the remainder when y is divided by f(2)?
8
Suppose -10*c = -6*c. Suppose c*q - 3*q = -42. Suppose 2 - q = -z. What is the remainder when 45 is divided by z?
9
Let t = -2 - 3. Let h(n) = -n**2 - 5*n + 4. Let o = 27 + -12. Calculate the remainder when o is divided by h(t).
3
What is the remainder when (-216 + -2)*((-3)/2 + 1) is divided by 27?
1
Let u(p) = -17*p - 55. What is the remainder when 20 is divided by u(-4)?
7
Let l(y) = -y**3 + 7*y**2 - 4*y - 11. Let q(t) = 2*t**2 + 8*t - 6. What is the remainder when q(-7) is divided by l(5)?
17
Suppose a = 1 + 4. Suppose -5*s - 20 = 0, -a*l - 4*s + 4 = -0*s. Suppose 8 = -l*d, -3*z - 4*d - d = -116. What is the remainder when z is divided by 15?
12
Suppose -2*n + 226 + 485 = 5*c, 4*n - c = 1389. What is the remainder when n is divided by 89?
81
Suppose -184*n + 192 = -176*n. Suppose 0 = -3*h + 1260 - 120. Suppose -4*o = -0*o - h. What is the remainder when o is divided by n?
23
Suppose 3*f - v = -0*v + 55, -4*f - v = -71. Calculate the remainder when 229 is divided by f.
13
Let y(k) = -3*k + 17. Let v be y(4). Suppose v*h = 3*h + 98. Calculate the remainder when h is divided by 17.
15
Suppose j - 4 = 0, -3*w - 2*j = -395 - 123. Calculate the remainder when w is divided by 29.
25
Let g(n) = 176*n - 127. What is the remainder when g(5) is divided by 18?
15
What is the remainder when -4 + ((-5090)/25)/((-7)/35) is divided by 9?
6
Let u = 282 + -140. What is the remainder when u is divided by 6?
4
Let c = -335 + 381. Calculate the remainder when 324 is divided by c.
2
Let y be 4/(-26) - (6 + (-275)/13). Suppose -m = 5*g - 3*m - 136, -5*m = y. What is the remainder when g is divided by 3?
2
Let g = 26 - 19. Suppose -4 = 3*u - g. What is the remainder when 2 is divided by u?
0
Suppose u + 2 + 2 = 0, 3*u = 4*y - 764. Suppose 0 = -21*j + 17*j + y. Let s = -30 - -54. What is the remainder when j is divided by s?
23
Let r = 61 - 44. Let g = -5 - -5. Suppose -3*m = -g*o - 2*o - 151, 0 = -4*m + 4*o + 204. What is the remainder when m is divided by r?
15
Suppose -4*f + 5*b = -12 - 23, -b + 22 = 5*f. Suppose 2*k = -0*l - 3*l - 38, -f*l - 4*k - 62 = 0. Let u = l + 25. What is the remainder when 54 is divided by u?
10
Suppose -2*b = 4*j - 582, -3*j + 5*b = -226 - 230. What is the remainder when j is divided by 19?
14
Let k(a) = 12*a**2 - 2*a - 1. Let h = 0 - 1. What is the remainder when k(h) is divided by 16*27/36 + 1*-4?
5
Let f = 1377 - 1267. Calculate the remainder when f is divided by 16.
14
Calculate the remainder when 301 is divided by (16885/(-15))/(-11) - 12/9.
99
Let c(s) = 8*s + 2 - 9*s + 4. Let x be c(2). Suppose i - 90 = -x*i. What is the remainder when 71 is divided by i?
17
Let k(s) = -s**2 - 11*s - 10. Let z = 31 + -41. Let y be k(z). Suppose 16 = 2*t + 2*d - 2, y = -2*t + 3*d + 33. What is the remainder when 23 is divided by t?
11
Let w(m) = 2*m**2 + 2*m - 5. Let z be w(4). Let p = 40 - z. What is the remainder when 14 is divided by p?
4
Calculate the remainder when 24 is divided by -10 + -1 - (-27 - 6).
2
Calculate the remainder when 385 is divided by ((-10)/3)/((-11)/((-3432)/(-16))).
60
Suppose -13 - 11 = -8*q. Suppose 3*t = 0, q*b + t - 2*t = 24. What i